{"id":2925,"date":"2026-01-25T16:22:35","date_gmt":"2026-01-25T15:22:35","guid":{"rendered":"https:\/\/cdesh.net\/?page_id=2925"},"modified":"2026-02-16T21:06:53","modified_gmt":"2026-02-16T20:06:53","slug":"actualites-2-2","status":"publish","type":"page","link":"https:\/\/cdesh.net\/index.php\/actualites-2-2\/","title":{"rendered":"Actualit\u00e9s"},"content":{"rendered":"\t\t<div data-elementor-type=\"wp-page\" data-elementor-id=\"2925\" class=\"elementor elementor-2925\">\n\t\t\t\t\t\t<section class=\"elementor-section elementor-top-section elementor-element elementor-element-1185563 elementor-section-boxed elementor-section-height-default elementor-section-height-default wpr-particle-no wpr-jarallax-no wpr-parallax-no wpr-sticky-section-no\" data-id=\"1185563\" data-element_type=\"section\" data-e-type=\"section\" data-settings=\"{&quot;background_background&quot;:&quot;classic&quot;}\">\n\t\t\t\t\t\t\t<div class=\"elementor-background-overlay\"><\/div>\n\t\t\t\t\t\t\t<div class=\"elementor-container elementor-column-gap-default\">\n\t\t\t\t\t<div class=\"elementor-column elementor-col-100 elementor-top-column elementor-element elementor-element-84172b7\" data-id=\"84172b7\" data-element_type=\"column\" data-e-type=\"column\">\n\t\t\t<div class=\"elementor-widget-wrap elementor-element-populated\">\n\t\t\t\t\t\t<div class=\"elementor-element elementor-element-1e304e9 elementor-widget elementor-widget-heading\" data-id=\"1e304e9\" data-element_type=\"widget\" data-e-type=\"widget\" data-widget_type=\"heading.default\">\n\t\t\t\t\t<h2 class=\"elementor-heading-title elementor-size-default\">ACTUALITES<\/h2>\t\t\t\t<\/div>\n\t\t\t\t<div class=\"elementor-element elementor-element-549e687 elementor-widget-divider--view-line elementor-widget elementor-widget-divider\" data-id=\"549e687\" data-element_type=\"widget\" data-e-type=\"widget\" data-widget_type=\"divider.default\">\n\t\t\t\t\t\t\t<div class=\"elementor-divider\">\n\t\t\t<span class=\"elementor-divider-separator\">\n\t\t\t\t\t\t<\/span>\n\t\t<\/div>\n\t\t\t\t\t\t<\/div>\n\t\t\t\t\t<\/div>\n\t\t<\/div>\n\t\t\t\t\t<\/div>\n\t\t<\/section>\n\t\t\t\t<section class=\"elementor-section elementor-top-section elementor-element elementor-element-733f58a elementor-section-boxed elementor-section-height-default elementor-section-height-default wpr-particle-no wpr-jarallax-no wpr-parallax-no wpr-sticky-section-no\" data-id=\"733f58a\" data-element_type=\"section\" data-e-type=\"section\" data-settings=\"{&quot;background_background&quot;:&quot;classic&quot;}\">\n\t\t\t\t\t\t<div class=\"elementor-container elementor-column-gap-default\">\n\t\t\t\t\t<div class=\"elementor-column elementor-col-100 elementor-top-column elementor-element elementor-element-bb96e53\" data-id=\"bb96e53\" data-element_type=\"column\" data-e-type=\"column\">\n\t\t\t<div class=\"elementor-widget-wrap elementor-element-populated\">\n\t\t\t\t\t\t<div class=\"elementor-element elementor-element-1ef5543 wpr-grid-columns-3 wpr-grid-columns--laptop3 wpr-grid-columns--tablet2 wpr-grid-columns--mobile1 wpr-grid-pagination-center wpr-item-styles-inner elementor-widget elementor-widget-wpr-grid\" data-id=\"1ef5543\" data-element_type=\"widget\" data-e-type=\"widget\" data-widget_type=\"wpr-grid.default\">\n\t\t\t\t\t<ul class=\"wpr-grid-filters elementor-clearfix wpr-grid-filters-sep-right\"><li class=\" wpr-pointer-none wpr-pointer-line-fx wpr-pointer-fx-none\"><span  data-filter=\"*\" class=\"wpr-grid-filters-item wpr-active-filter \">Tous les supports<\/span><em class=\"wpr-grid-filters-sep\"><\/em><\/li><li class=\" wpr-pointer-none wpr-pointer-line-fx wpr-pointer-fx-none\"><span   data-ajax-filter=[\"category\",\"presse\"]  data-filter=\".category-presse\">Presse<\/span><em class=\"wpr-grid-filters-sep\"><\/em><\/li><li class=\" wpr-pointer-none wpr-pointer-line-fx wpr-pointer-fx-none\"><span   data-ajax-filter=[\"category\",\"reseaux-sociaux\"]  data-filter=\".category-reseaux-sociaux\">R\u00e9seaux Sociaux<\/span><em class=\"wpr-grid-filters-sep\"><\/em><\/li><\/ul><section class=\"wpr-grid elementor-clearfix\" data-settings=\"{&quot;layout&quot;:&quot;fitRows&quot;,&quot;stick_last_element_to_bottom&quot;:&quot;&quot;,&quot;columns_desktop&quot;:3,&quot;gutter_hr&quot;:15,&quot;gutter_hr_mobile&quot;:15,&quot;gutter_hr_mobile_extra&quot;:15,&quot;gutter_hr_tablet&quot;:15,&quot;gutter_hr_tablet_extra&quot;:15,&quot;gutter_hr_laptop&quot;:15,&quot;gutter_hr_widescreen&quot;:15,&quot;gutter_vr&quot;:15,&quot;gutter_vr_mobile&quot;:15,&quot;gutter_vr_mobile_extra&quot;:15,&quot;gutter_vr_tablet&quot;:15,&quot;gutter_vr_tablet_extra&quot;:15,&quot;gutter_vr_laptop&quot;:15,&quot;gutter_vr_widescreen&quot;:15,&quot;animation&quot;:&quot;default&quot;,&quot;animation_duration&quot;:0.29999999999999999,&quot;animation_delay&quot;:0.10000000000000001,&quot;deeplinking&quot;:&quot;&quot;,&quot;filters_linkable&quot;:&quot;no&quot;,&quot;filters_default_filter&quot;:&quot;&quot;,&quot;filters_count&quot;:&quot;&quot;,&quot;filters_hide_empty&quot;:&quot;no&quot;,&quot;filters_animation&quot;:&quot;default&quot;,&quot;filters_animation_duration&quot;:0.29999999999999999,&quot;filters_animation_delay&quot;:0.10000000000000001,&quot;pagination_type&quot;:&quot;load-more&quot;,&quot;pagination_max_pages&quot;:1,&quot;lightbox&quot;:{&quot;selector&quot;:&quot;.wpr-grid-image-wrap&quot;,&quot;iframeMaxWidth&quot;:&quot;60%&quot;,&quot;hash&quot;:false,&quot;autoplay&quot;:&quot;true&quot;,&quot;pause&quot;:5000,&quot;progressBar&quot;:&quot;true&quot;,&quot;counter&quot;:&quot;true&quot;,&quot;controls&quot;:&quot;true&quot;,&quot;getCaptionFromTitleOrAlt&quot;:&quot;true&quot;,&quot;thumbnail&quot;:&quot;&quot;,&quot;showThumbByDefault&quot;:&quot;&quot;,&quot;share&quot;:&quot;&quot;,&quot;zoom&quot;:&quot;true&quot;,&quot;fullScreen&quot;:&quot;true&quot;,&quot;download&quot;:&quot;true&quot;}}\" data-advanced-filters=\"no\"><article class=\"wpr-grid-item elementor-clearfix post-4952 post type-post status-publish format-standard has-post-thumbnail hentry category-presse\"><div class=\"wpr-grid-item-inner\"><div class=\"wpr-grid-media-wrap wpr-effect-size-medium \" data-overlay-link=\"yes\"><div class=\"wpr-grid-image-wrap\" data-src=\"https:\/\/cdesh.net\/wp-content\/uploads\/2026\/02\/489747766_1368408117860548_7367830602393392846_n.jpg\" data-img-on-hover=\"\"  data-src-secondary=\"\"><img data-no-lazy=\"1\"  alt=\"Cote d&rsquo;Ivoire: Relations internationales \/ Promouvoir l&rsquo;\u00e9conomie ivoirienne en France\" class=\"wpr-anim-timing-ease-default lws-optimize-lazyload\" data-src=\"https:\/\/cdesh.net\/wp-content\/uploads\/2026\/02\/489747766_1368408117860548_7367830602393392846_n.jpg\"><\/div><div class=\"wpr-grid-media-hover wpr-animation-wrap\"><div class=\"wpr-grid-media-hover-bg  wpr-overlay-fade-in wpr-anim-size-large wpr-anim-timing-ease-default wpr-anim-transparency\" data-url=\"https:\/\/cdesh.net\/index.php\/2026\/02\/15\/cote-divoire-relations-internationales-promouvoir-leconomie-ivoirienne-en-france\/\"><\/div><\/div><\/div><div class=\"wpr-grid-item-below-content elementor-clearfix\"><h2 class=\"wpr-grid-item-title elementor-repeater-item-ceceb0a wpr-grid-item-display-block wpr-grid-item-align-left wpr-pointer-none wpr-pointer-line-fx wpr-pointer-fx-fade\"><div class=\"inner-block\"><a target=\"_self\"  href=\"https:\/\/cdesh.net\/index.php\/2026\/02\/15\/cote-divoire-relations-internationales-promouvoir-leconomie-ivoirienne-en-france\/\">Cote d&rsquo;Ivoire: Relations internationales \/ Promouvoir l&rsquo;\u00e9conomie ivoirienne en France<\/a><\/div><\/h2><div class=\"wpr-grid-item-date elementor-repeater-item-6a10fbf wpr-grid-item-display-inline wpr-grid-item-align-left\"><div class=\"inner-block\"><span>15 f\u00e9vrier 2026<span class=\"wpr-grid-extra-text-right\">\/<\/span><\/span><\/div><\/div><div class=\"wpr-grid-item-comments elementor-repeater-item-f4c6f44 wpr-grid-item-display-inline wpr-grid-item-align-left\"><div class=\"inner-block\"><a href=\"https:\/\/cdesh.net\/index.php\/2026\/02\/15\/cote-divoire-relations-internationales-promouvoir-leconomie-ivoirienne-en-france\/#respond\"><span>No Comments<\/span><\/a><\/div><\/div><div class=\"wpr-grid-item-excerpt elementor-repeater-item-cb17198 wpr-grid-item-display-block wpr-grid-item-align-left\"><div class=\"inner-block\"><p>Abidjan \u2014 Le pr\u00e9sident de France-C\u00f4te d&rsquo;Ivoire pour la Chambre de Commerce, de l&rsquo;industrie et de l&rsquo;Agriculture, Basile N&rsquo;Guessan Bi...<\/p><\/div><\/div><div class=\"wpr-grid-item-read-more elementor-repeater-item-cb1d25c wpr-grid-item-display-custom wpr-grid-item-align-center\"><div class=\"inner-block\"><a target=\"_self\" href=\"https:\/\/cdesh.net\/index.php\/2026\/02\/15\/cote-divoire-relations-internationales-promouvoir-leconomie-ivoirienne-en-france\/\" class=\"wpr-button-effect wpr-button-none\"><span>Consulter l\u2019article<\/span><span class=\"wpr-grid-extra-icon-right\"><svg aria-hidden=\"true\" class=\"e-font-icon-svg e-fas-eye\" viewBox=\"0 0 576 512\" xmlns=\"http:\/\/www.w3.org\/2000\/svg\"><path d=\"M572.52 241.4C518.29 135.59 410.93 64 288 64S57.68 135.64 3.48 241.41a32.35 32.35 0 0 0 0 29.19C57.71 376.41 165.07 448 288 448s230.32-71.64 284.52-177.41a32.35 32.35 0 0 0 0-29.19zM288 400a144 144 0 1 1 144-144 143.93 143.93 0 0 1-144 144zm0-240a95.31 95.31 0 0 0-25.31 3.79 47.85 47.85 0 0 1-66.9 66.9A95.78 95.78 0 1 0 288 160z\"><\/path><\/svg><\/span><\/a><\/div><\/div><\/div><\/div><\/article><article class=\"wpr-grid-item elementor-clearfix post-4145 post type-post status-publish format-standard has-post-thumbnail hentry category-presse\"><div class=\"wpr-grid-item-inner\"><div class=\"wpr-grid-media-wrap wpr-effect-size-medium \" data-overlay-link=\"yes\"><div class=\"wpr-grid-image-wrap\" data-src=\"https:\/\/cdesh.net\/wp-content\/uploads\/2026\/02\/WhatsApp-Image-2026-01-25-at-11.12.52-1.jpeg\" data-img-on-hover=\"\"  data-src-secondary=\"\"><img data-no-lazy=\"1\"  alt=\"Le marketing territorial agit comme un moteur pour stimuler le d\u00e9veloppement et l\u2019attractivit\u00e9 des communes et r\u00e9gions de C\u00f4te d\u2019Ivoire.\" class=\"wpr-anim-timing-ease-default lws-optimize-lazyload\" data-src=\"https:\/\/cdesh.net\/wp-content\/uploads\/2026\/02\/WhatsApp-Image-2026-01-25-at-11.12.52-1.jpeg\"><\/div><div class=\"wpr-grid-media-hover wpr-animation-wrap\"><div class=\"wpr-grid-media-hover-bg  wpr-overlay-fade-in wpr-anim-size-large wpr-anim-timing-ease-default wpr-anim-transparency\" data-url=\"https:\/\/cdesh.net\/index.php\/2026\/02\/10\/regions-et-communes-les-collectivites-territoriales-formees-au-marketing-pour-booster-le-developpement-local\/\"><\/div><\/div><\/div><div class=\"wpr-grid-item-below-content elementor-clearfix\"><h2 class=\"wpr-grid-item-title elementor-repeater-item-ceceb0a wpr-grid-item-display-block wpr-grid-item-align-left wpr-pointer-none wpr-pointer-line-fx wpr-pointer-fx-fade\"><div class=\"inner-block\"><a target=\"_self\"  href=\"https:\/\/cdesh.net\/index.php\/2026\/02\/10\/regions-et-communes-les-collectivites-territoriales-formees-au-marketing-pour-booster-le-developpement-local\/\">Le marketing territorial agit comme un moteur pour stimuler le d\u00e9veloppement et l\u2019attractivit\u00e9 des communes et r\u00e9gions de C\u00f4te d\u2019Ivoire.<\/a><\/div><\/h2><div class=\"wpr-grid-item-date elementor-repeater-item-6a10fbf wpr-grid-item-display-inline wpr-grid-item-align-left\"><div class=\"inner-block\"><span>10 f\u00e9vrier 2026<span class=\"wpr-grid-extra-text-right\">\/<\/span><\/span><\/div><\/div><div class=\"wpr-grid-item-excerpt elementor-repeater-item-cb17198 wpr-grid-item-display-block wpr-grid-item-align-left\"><div class=\"inner-block\"><p>R\u00e9gions et communes : Les collectivit\u00e9s territoriales form\u00e9es au marketing pour booster le d\u00e9veloppement local Dans le cadre de la...<\/p><\/div><\/div><div class=\"wpr-grid-item-read-more elementor-repeater-item-cb1d25c wpr-grid-item-display-custom wpr-grid-item-align-center\"><div class=\"inner-block\"><a target=\"_self\" href=\"https:\/\/cdesh.net\/index.php\/2026\/02\/10\/regions-et-communes-les-collectivites-territoriales-formees-au-marketing-pour-booster-le-developpement-local\/\" class=\"wpr-button-effect wpr-button-none\"><span>Consulter l\u2019article<\/span><span class=\"wpr-grid-extra-icon-right\"><svg aria-hidden=\"true\" class=\"e-font-icon-svg e-fas-eye\" viewBox=\"0 0 576 512\" xmlns=\"http:\/\/www.w3.org\/2000\/svg\"><path d=\"M572.52 241.4C518.29 135.59 410.93 64 288 64S57.68 135.64 3.48 241.41a32.35 32.35 0 0 0 0 29.19C57.71 376.41 165.07 448 288 448s230.32-71.64 284.52-177.41a32.35 32.35 0 0 0 0-29.19zM288 400a144 144 0 1 1 144-144 143.93 143.93 0 0 1-144 144zm0-240a95.31 95.31 0 0 0-25.31 3.79 47.85 47.85 0 0 1-66.9 66.9A95.78 95.78 0 1 0 288 160z\"><\/path><\/svg><\/span><\/a><\/div><\/div><\/div><\/div><\/article><article class=\"wpr-grid-item elementor-clearfix post-4084 post type-post status-publish format-standard has-post-thumbnail hentry category-presse\"><div class=\"wpr-grid-item-inner\"><div class=\"wpr-grid-media-wrap wpr-effect-size-medium \" data-overlay-link=\"yes\"><div class=\"wpr-grid-image-wrap\" data-src=\"https:\/\/cdesh.net\/wp-content\/uploads\/2026\/02\/489747766_1368408117860548_7367830602393392846_n.jpg\" data-img-on-hover=\"\"  data-src-secondary=\"\"><img data-no-lazy=\"1\"  alt=\"Le marketing territorial stimule le d\u00e9veloppement et l\u2019attractivit\u00e9 des territoires en C\u00f4te d\u2019Ivoire\" class=\"wpr-anim-timing-ease-default lws-optimize-lazyload\" data-src=\"https:\/\/cdesh.net\/wp-content\/uploads\/2026\/02\/489747766_1368408117860548_7367830602393392846_n.jpg\"><\/div><div class=\"wpr-grid-media-hover wpr-animation-wrap\"><div class=\"wpr-grid-media-hover-bg  wpr-overlay-fade-in wpr-anim-size-large wpr-anim-timing-ease-default wpr-anim-transparency\" data-url=\"https:\/\/cdesh.net\/index.php\/2026\/02\/10\/le-marketing-territorial-presente-comme-un-catalyseur-de-developpement-pour-les-communes-et-regions-de-cote-divoire\/\"><\/div><\/div><\/div><div class=\"wpr-grid-item-below-content elementor-clearfix\"><h2 class=\"wpr-grid-item-title elementor-repeater-item-ceceb0a wpr-grid-item-display-block wpr-grid-item-align-left wpr-pointer-none wpr-pointer-line-fx wpr-pointer-fx-fade\"><div class=\"inner-block\"><a target=\"_self\"  href=\"https:\/\/cdesh.net\/index.php\/2026\/02\/10\/le-marketing-territorial-presente-comme-un-catalyseur-de-developpement-pour-les-communes-et-regions-de-cote-divoire\/\">Le marketing territorial stimule le d\u00e9veloppement et l\u2019attractivit\u00e9 des territoires en C\u00f4te d\u2019Ivoire<\/a><\/div><\/h2><div class=\"wpr-grid-item-date elementor-repeater-item-6a10fbf wpr-grid-item-display-inline wpr-grid-item-align-left\"><div class=\"inner-block\"><span>10 f\u00e9vrier 2026<span class=\"wpr-grid-extra-text-right\">\/<\/span><\/span><\/div><\/div><div class=\"wpr-grid-item-excerpt elementor-repeater-item-cb17198 wpr-grid-item-display-block wpr-grid-item-align-left\"><div class=\"inner-block\"><p>C\u00f4te d\u2019Ivoire-AIP\/ Le marketing territorial pr\u00e9sent\u00e9 comme un catalyseur de d\u00e9veloppement pour les communes et r\u00e9gions de C\u00f4te d\u2019Ivoire Aboisso,...<\/p><\/div><\/div><div class=\"wpr-grid-item-read-more elementor-repeater-item-cb1d25c wpr-grid-item-display-custom wpr-grid-item-align-center\"><div class=\"inner-block\"><a target=\"_self\" href=\"https:\/\/cdesh.net\/index.php\/2026\/02\/10\/le-marketing-territorial-presente-comme-un-catalyseur-de-developpement-pour-les-communes-et-regions-de-cote-divoire\/\" class=\"wpr-button-effect wpr-button-none\"><span>Consulter l\u2019article<\/span><span class=\"wpr-grid-extra-icon-right\"><svg aria-hidden=\"true\" class=\"e-font-icon-svg e-fas-eye\" viewBox=\"0 0 576 512\" xmlns=\"http:\/\/www.w3.org\/2000\/svg\"><path d=\"M572.52 241.4C518.29 135.59 410.93 64 288 64S57.68 135.64 3.48 241.41a32.35 32.35 0 0 0 0 29.19C57.71 376.41 165.07 448 288 448s230.32-71.64 284.52-177.41a32.35 32.35 0 0 0 0-29.19zM288 400a144 144 0 1 1 144-144 143.93 143.93 0 0 1-144 144zm0-240a95.31 95.31 0 0 0-25.31 3.79 47.85 47.85 0 0 1-66.9 66.9A95.78 95.78 0 1 0 288 160z\"><\/path><\/svg><\/span><\/a><\/div><\/div><\/div><\/div><\/article><\/section>\t\t\t\t<\/div>\n\t\t\t\t\t<\/div>\n\t\t<\/div>\n\t\t\t\t\t<\/div>\n\t\t<\/section>\n\t\t\t\t<\/div>\n\t\t\n    <div class=\"xs_social_share_widget xs_share_url after_content \t\tmain_content  wslu-style-1 wslu-share-box-shaped wslu-fill-colored wslu-none wslu-share-horizontal wslu-theme-font-no wslu-main_content\">\n\n\t\t\n        <ul>\n\t\t\t        <\/ul>\n    <\/div> \n","protected":false},"excerpt":{"rendered":"<p>ACTUALITES Tous les supports Presse R\u00e9seaux Sociaux Cote d&rsquo;Ivoire: Relations internationales \/ Promouvoir l&rsquo;\u00e9conomie ivoirienne en France 15 f\u00e9vrier 2026\/No Comments Abidjan \u2014 Le pr\u00e9sident de France-C\u00f4te d&rsquo;Ivoire pour la Chambre de Commerce, de l&rsquo;industrie et de l&rsquo;Agriculture, Basile N&rsquo;Guessan Bi&#8230; Consulter l\u2019article Le marketing territorial agit comme un moteur pour stimuler le d\u00e9veloppement et l\u2019attractivit\u00e9 des communes et r\u00e9gions de C\u00f4te d\u2019Ivoire. 10 f\u00e9vrier 2026\/ R\u00e9gions et communes : Les collectivit\u00e9s territoriales form\u00e9es au marketing pour booster le d\u00e9veloppement local Dans le cadre de la&#8230; Consulter l\u2019article Le marketing territorial stimule le d\u00e9veloppement et l\u2019attractivit\u00e9 des territoires en C\u00f4te d\u2019Ivoire 10 f\u00e9vrier 2026\/ C\u00f4te d\u2019Ivoire-AIP\/ Le marketing territorial pr\u00e9sent\u00e9 comme un catalyseur de d\u00e9veloppement pour les communes et r\u00e9gions de C\u00f4te d\u2019Ivoire Aboisso,&#8230; Consulter l\u2019article<\/p>\n","protected":false},"author":1,"featured_media":0,"parent":0,"menu_order":0,"comment_status":"closed","ping_status":"closed","template":"elementor_canvas","meta":{"_eb_attr":"","footnotes":""},"class_list":["post-2925","page","type-page","status-publish","hentry"],"_links":{"self":[{"href":"https:\/\/cdesh.net\/index.php\/wp-json\/wp\/v2\/pages\/2925","targetHints":{"allow":["GET"]}}],"collection":[{"href":"https:\/\/cdesh.net\/index.php\/wp-json\/wp\/v2\/pages"}],"about":[{"href":"https:\/\/cdesh.net\/index.php\/wp-json\/wp\/v2\/types\/page"}],"author":[{"embeddable":true,"href":"https:\/\/cdesh.net\/index.php\/wp-json\/wp\/v2\/users\/1"}],"replies":[{"embeddable":true,"href":"https:\/\/cdesh.net\/index.php\/wp-json\/wp\/v2\/comments?post=2925"}],"version-history":[{"count":67,"href":"https:\/\/cdesh.net\/index.php\/wp-json\/wp\/v2\/pages\/2925\/revisions"}],"predecessor-version":[{"id":5129,"href":"https:\/\/cdesh.net\/index.php\/wp-json\/wp\/v2\/pages\/2925\/revisions\/5129"}],"wp:attachment":[{"href":"https:\/\/cdesh.net\/index.php\/wp-json\/wp\/v2\/media?parent=2925"}],"curies":[{"name":"wp","href":"https:\/\/api.w.org\/{rel}","templated":true}]}}